 3440, 2*s - 864 = -c. What is the highest common divisor of c and 749?
107
Let n(b) = -b**3 + 2*b**2 - b - 4. Let r = 366 + -368. Let w be n(r). Calculate the highest common factor of w and 203.
7
Suppose 4*z - 7812 = -2*g, z + 896*g = 894*g + 1962. What is the highest common factor of z and 52?
26
Let v(k) = -2*k - 274. Let n be v(-18). Let c be (-2)/14 + (-75956)/n. What is the highest common factor of 11 and c?
11
Let d be (27/6 + -1)*1*2. Let m(r) = -r**2 + 9*r - 10. Let y be m(d). Calculate the greatest common divisor of 36 and y.
4
Let s = -761 + 2223. Suppose -2*p = 4*l + p - 1466, 0 = 4*l + p - s. Calculate the highest common factor of 146 and l.
73
Suppose 5*a = -66 + 916. Let m be 3 + -1 + (5 - 6 - -253). Let l = m + -220. What is the greatest common factor of a and l?
34
Suppose 60 = -5*b + 35. Let k be 25/b + (-2704)/(-8). Calculate the highest common divisor of k and 18.
9
Suppose 151*w - 97776 = 103*w. What is the highest common factor of 63 and w?
21
Suppose 30*x - 59*x + 1932 = 40*x. Calculate the greatest common divisor of 6468 and x.
28
Let g = -119 - 58. Let z = -105 - g. What is the greatest common factor of 120 and z?
24
Suppose 101 = 4*p + 85. Suppose 0 = 20*h - 18*h + p*c - 50, 0 = -2*h + 5*c + 86. What is the highest common factor of h and 33?
33
Let v = 26 - 19. Let c(n) = -n**3 + 8*n**2 - 7*n - 2. Let q be c(6). What is the highest common factor of q and v?
7
Let m(s) = 4*s**2 - 8*s - 17. Let b be m(-6). Suppose -9*h + b = 16*h. What is the greatest common factor of h and 182?
7
Suppose -2*u + 295 = 5*d, 3*u + u - 5*d - 515 = 0. Suppose -u*a + 84 = -128*a. What is the highest common divisor of 15 and a?
3
Let g(i) = -53*i - 300. Let y(w) = 17*w + 100. Let m(l) = 4*g(l) + 11*y(l). Let b be m(-9). What is the greatest common divisor of b and 5?
5
Let k be (-43)/(-1 + 8/(-282)*(-4623)/134). What is the greatest common factor of k and 329?
47
Let b = 21556 + -17704. What is the highest common divisor of 3531 and b?
321
Let t be 6/(-21) - (8915/35 - -2). Let i = t - -295. What is the greatest common factor of 323 and i?
19
Suppose 0 = 11*m - 15*g + 10*g - 6512, 0 = -3*m - 2*g + 1776. What is the highest common factor of m and 64?
16
Suppose 13*b - 22 = 2*b. Suppose -2*m - 4*k + 102 = 0, b*k + 13 = -5*m + 228. Calculate the highest common divisor of m and 82.
41
Suppose 0*n + 3*a = 2*n + 2, 4 = -4*n - 5*a. Let w be 1/(n*2/(-398)). Let z = w + -79. What is the highest common factor of 15 and z?
15
Let b(d) = d**3 + 23*d**2 + 24*d + 46. Suppose -4*n + 11 = -r + 2, -n = -4*r - 81. Let t be b(r). What is the highest common factor of t and 53?
53
Suppose 5*d = 4*f - 149, 0 = -5*f + 5*d + 112 + 73. Suppose 0 = -f*p + 34*p + 272. What is the greatest common divisor of p and 68?
68
Let w be (-16 - 0)/(34/(-51)). What is the highest common factor of 1800 and w?
24
Let z be (-40)/28*(-7)/(-3)*-6. Suppose v = -2*g - 5, -3*v + z = -0*g - g. What is the highest common divisor of v and 65?
5
Let v = 0 - -5. Suppose -20 + 152 = 6*q. Let l be q + 5/(-1) + -2. Calculate the greatest common divisor of v and l.
5
Let g(q) = 334*q**2 - 386*q + 771. Let b be g(2). Calculate the highest common divisor of b and 15.
15
Suppose -43 + 363 = 10*h. Suppose 2 = -4*i + 18. Suppose -b - 799 = -5*c, -5*c + i*b + 795 = -b. What is the highest common factor of c and h?
32
Let s = -23819 + 26829. What is the greatest common factor of s and 245?
35
Suppose 92 = 5*g + 72. Let t = 34 - 22. Let m be (g + -8 - t)*-5. Calculate the highest common divisor of 20 and m.
20
Suppose 20 = 4*w - 0*w, 2*v + 5*w + 265 = 0. Let y = v + 208. Suppose 4*z - 5*a + 37 - 130 = 0, -3*a - 99 = -4*z. What is the highest common factor of y and z?
9
Let h be (-18)/45*25 - -65. Calculate the greatest common factor of 160 and h.
5
Let o be 0/(-6 - -4) - -4. Suppose -64 = -2*v - p, 3*v - o*p - 89 = -9*p. What is the greatest common factor of v and 22?
11
Let l be 11/(-3)*(4 + -28). What is the highest common factor of l and 4378?
22
Suppose -d + 2658 = 4*i, 37*d + 10662 = 41*d + i. Calculate the highest common divisor of 434 and d.
62
Suppose 0 = -2*b + c + 319, 0*b - 801 = -5*b - c. Let w = 514 - 504. What is the highest common divisor of w and b?
10
Suppose -5*i = 5*h - 3325, -h + 2*h - 2*i = 656. Suppose 9*v = h + 1219. Calculate the greatest common divisor of v and 19.
19
Let h be ((-9)/(-6))/((-6)/(-8)) - 1. Let t(l) = 35*l**3 + 2*l**2 - l - 1. Let u be t(h). Calculate the greatest common factor of 7 and u.
7
Suppose 0 = -4*d - 2*p + 2, 4*d - 3*p = 9*d. Let q be (((-45)/(-5))/d)/1. Suppose q*j - j = 150. Calculate the greatest common divisor of j and 30.
15
Let n = 24 - -58. Suppose -2*d + 574 = 3*w, 0 = 3*d + 3*w - 421 - 440. What is the highest common factor of d and n?
41
Let l(h) = -h**3 - 2*h**2 - 6. Let x be l(-3). Let u be (0 - (-882)/(-15))/(x/(-15)). Calculate the highest common divisor of u and 42.
42
Suppose -2*c - 5*s - 148 = -3*c, 0 = 5*c - 4*s - 635. What is the highest common divisor of c and 9?
3
Suppose 0*k = -2*m + k + 1518, 0 = k - 2. Let z be (-446)/(-20) + (-228)/m. What is the greatest common factor of 22 and z?
22
Let o(h) be the second derivative of 1/12*h**4 - 1/3*h**3 - 12*h + 0 + 0*h**2. Let q be o(-2). Calculate the greatest common divisor of 2 and q.
2
Let n(h) = h**2 - 3*h - 55. Let g be n(9). Let y be 8/(-12)*(g + 3 - 20). Calculate the greatest common factor of 4 and y.
4
Suppose 0 = 22*z - 49*z + 32832. Calculate the greatest common divisor of 152 and z.
152
Let t = -59 - -80. Suppose 0 = -t*x + 24*x - 177. Calculate the highest common factor of 118 and x.
59
Let a be 1630/(-4075)*(-5)/(2*2/40). Let h be 2 + (39*-2)/(-1). What is the highest common factor of a and h?
20
Suppose -t + 4*t = g + 61, -t + 3*g = -15. Suppose -25 + t = 2*z. Let v be (-4 - z - (-12)/6) + 12. Calculate the greatest common factor of v and 36.
12
Suppose -f + 5*v + 158 = -390, 3*v - 524 = -f. Let o = 86 - 73. Calculate the greatest common factor of o and f.
13
Let n(w) = -5*w - 24. Let i be n(-7). Let k be -4 - (-4 - (1 - 1)). Let x(o) = o + 44. Let g be x(k). What is the highest common factor of g and i?
11
Suppose 4*a = -11*v + 347, -54 = -2*v - 0*v - 3*a. What is the greatest common factor of v and 5137?
11
Suppose 3*r - 6*m + 2*m - 184 = 0, 2*r = -2*m + 104. What is the highest common factor of 42 and r?
14
Let i = 4361 + -4289. What is the greatest common factor of 117 and i?
9
Let i = -268 - -391. Let x = i - -7. Calculate the highest common divisor of x and 10.
10
Suppose -5*h = s - 2780, -15*s - 5620 = -17*s + 5*h. Calculate the highest common divisor of 60 and s.
20
Let c(b) = b - 25. Let j be c(-3). Let u be (-1330)/j - (-15)/(-6). What is the highest common divisor of 18 and u?
9
Suppose -42*w + 38*w = -b + 26, 2*b = 4*w + 52. Let z be (-1022)/(-6) + 4/6. Suppose -2*l = -z + 41. What is the highest common factor of l and b?
13
Suppose -5*g - 25 = 0, 2*r - 49 = -2342*g + 2343*g. Calculate the greatest common factor of r and 3.
1
Suppose 69*i - 1174 - 275 = 0. What is the greatest common divisor of i and 868?
7
Let k = 362 - 272. Let d be 4/16 + 2/(-8). Suppose d = 15*o - 14*o - 10. What is the highest common factor of k and o?
10
Suppose -21*b = -47 - 16. Suppose 0 = b*k + 3*s - 525, s + 22 + 155 = k. What is the highest common divisor of 66 and k?
22
Let f(o) = -3*o**2 + 4*o**2 + 10 + 0*o**2 - 7*o + o**3. Let v be f(3). Let l = v - 24. What is the greatest common factor of l and 16?
1
Suppose 3*v = -4*w + 5*v + 54, -5*w + 69 = -2*v. Calculate the greatest common divisor of w and 57.
3
Let k(c) = -5*c - 34. Let n be 3 + -14 + (-15)/5. Let m be k(n). What is the highest common divisor of 27 and m?
9
Suppose 4*j - 1685 = 1103 + 1720. Calculate the greatest common divisor of 245 and j.
49
Suppose -12*v + 1580 = 8*v. Suppose 3*g + 2*f - v = 30, f - 2 = 0. What is the highest common divisor of g and 35?
35
Suppose h - 6 = 9. Let r be (49 - (-1 - -1)) + (-58 + 34 - -30). What is the highest common divisor of h and r?
5
Let t be -2 + 2 + 3 + -81. Let w = 140 + t. What is the greatest common factor of 403 and w?
31
Let k be (78/(-15) - -4)*-85. Suppose 0 = 5*x - k + 52. What is the highest common divisor of 20 and x?
10
Let t = 57 - -38. Let m = t - -35. Calculate the 